g/6 composite?
False
Let a be (-4)/(-36) - 18646/(-18). Is 1/3*(a + 5) prime?
True
Let r(b) = 16*b**2 - 244*b + 325. Is r(73) prime?
True
Let l(s) = s + 2333. Let z be l(0). Suppose -2*d = 0, -5*y - 2*d = -y - 4336. Let j = z - y. Is j composite?
False
Let b = 20037 + -54901. Is (6/24)/((-4)/b) a composite number?
False
Let f(t) = 2*t**2 + 31*t + 39. Let i be f(-14). Is (-11808)/(-12) - (i + -4) composite?
False
Suppose 0 = -3*w + 5*n + 540059, 2*w = 237*n - 242*n + 360056. Is w prime?
True
Suppose -5*y + 2*q = -105, -2*y - 2*y + 5*q + 84 = 0. Is (-157328)/(-56) - ((-12)/y - -1) prime?
False
Let l(a) = -144*a**2 - 7*a - 12. Let x be l(-8). Is (-3)/(((-9170)/x - 1)*6) a composite number?
False
Let q(d) = 19*d + 5. Let l be q(0). Suppose -l*i = -2*f + 20290, 4*i + 8563 - 59222 = -5*f. Is f a composite number?
True
Suppose 0 = l - 3*m - 7, -1 + 17 = -4*l + m. Is (3/l)/(-3) + (-2784)/(-5) a prime number?
True
Suppose 13*i - 600514 = -692811 + 3753630. Is i prime?
True
Let j = -85 - 310. Is (7/(35/j))/((-2)/74) prime?
False
Let c = 114 + -112. Suppose -k + 14282 = -c*l - 23257, 3*k - 112607 = -4*l. Is k prime?
True
Let m(x) = x**2 + 19*x + 1. Let l be m(-21). Let p = -41 + l. Suppose -5*g = p*r - 1329, g - 2000 = -3*r - 0*g. Is r prime?
False
Suppose -185 = -5*z - 170. Let w(i) = 7*i**3 + 6*i**2 - 4*i - 6. Let u be w(5). Suppose -z*n + 1033 + u = q, 0 = -5*n - 4*q + 3375. Is n composite?
True
Let r = 528366 + -208835. Is r a composite number?
True
Let g = -17 - -11. Let y(b) = -b**3 - 6*b**2 + 3. Let c be y(g). Suppose -3*r = -c*i + 681, 2 + 6 = -2*r. Is i a composite number?
False
Suppose f + 2015 = 2*f - 2*y, 8076 = 4*f - 4*y. Let g = 3800 - f. Is g a prime number?
True
Let f(p) = 16*p**2 + 3*p - 3. Let q be f(1). Let a be q/(-3) + 4/12. Let i(d) = -528*d + 13. Is i(a) composite?
True
Let z be (137/(-6))/(6/27)*12. Let v = z - -6121. Suppose v = 6*b + 202. Is b prime?
False
Let b be 168/(-1092) + 0 + 354105/(-13). Let a = b + 38344. Is a a prime number?
False
Suppose -9 + 1 = -4*q, 5*w + 12 = q. Let b be 8/(6 + (w - 2)). Suppose 5*f + 3*l - 1182 = 139, -3*l = -b*f + 1046. Is f prime?
True
Let y = 69 - 64. Let i be 5*4*1/y. Suppose -4*b + 1792 = -2*f + 3*f, 1812 = 4*b - i*f. Is b composite?
False
Let c(u) = 3*u**3 + 9*u**2 - 11*u + 18. Let n(g) = -2*g**3 + 7 - 40 - 10*g**2 + 10*g + 14. Let x(q) = -3*c(q) - 4*n(q). Is x(11) a composite number?
True
Let q be (-18 + 3 - -1)*(-2)/4. Suppose 0*a - 3*a + 15 = 0, x - 2508 = a. Suppose 0*l - x = -q*l. Is l prime?
True
Suppose 15 = 5*x - 3*z, x + 2*z = -39 + 42. Suppose 4*n = 3*h + 9313, -16*h = -x*n - 13*h + 6984. Is n a prime number?
False
Let f be (-73)/(-292) + -145*1/4. Is (58518/f)/((-3)/6) a prime number?
True
Let y = 787935 - -541556. Is y composite?
True
Let l(f) = f**2 + 8*f - 31. Let o be l(-13). Suppose 27*k = o*k - 44723. Is k a prime number?
True
Let z(f) = 207*f - 4625. Is z(34) a composite number?
True
Suppose 5*f + 23 = -z, -3*f = -z - 7*f - 18. Suppose -i = 3*w + z*w - 921, 0 = -3*i + w + 2731. Let b = i + -502. Is b prime?
True
Let l(n) = -191*n**3 + 12*n**2 - 3*n - 127. Is l(-9) a prime number?
True
Let i be 2/(-12) + 2721/18 + 4. Is 93/i + 8624/10 prime?
True
Suppose 8 = -w, -2*w - 218636 = -4*i - 6*w. Is i a composite number?
False
Let p(c) = -1489*c**3 - 39*c**2 - 53*c - 3. Is p(-4) prime?
False
Let r(o) = 0 - 3*o**2 + 5*o**2 - 1 + 78*o**3. Let z = -2883 + 2884. Is r(z) composite?
False
Let w(s) be the second derivative of -s**4/12 + s**3/6 + s**2/2 - 19*s. Let g(y) = -12*y**2 + 5*y + 1. Let p(f) = -g(f) + 4*w(f). Is p(2) a composite number?
True
Let y be ((-150)/(-8))/(60/27680). Let i = 12287 - y. Is i a composite number?
False
Is 10089*(-94)/(-13) + (-282)/1222 a prime number?
False
Suppose -3*a - 407697 = -3*f + 686784, 3*a = f - 364823. Is f a composite number?
False
Suppose 6*s = 3*s + 6. Suppose 2*k = s*r - 644, 32 - 338 = -r + 5*k. Suppose -4373 + r = -3*h. Is h composite?
True
Let u(y) = 3*y**2 - 7*y + 20. Let v be u(18). Suppose 4*h = 810 + v. Is h a prime number?
True
Let p = 84236 + -39237. Is p a composite number?
True
Let l be (-12)/(-60) + (2 - 707172/10). Let i = -47616 - l. Is i a prime number?
True
Let y = -58 + 61. Suppose 3*r + 4 = -2*v + 27, -27 = -y*v + 3*r. Is (2/(-4))/(v/(-20780)) a composite number?
False
Let j(w) = 699*w**2 - 25*w - 279. Is j(10) prime?
True
Let d = -3290 - -4949. Suppose k - 5*l - d = 0, 3*l - 4*l - 6560 = -4*k. Is k a composite number?
True
Let g = -17 + 81. Let r = -70 + g. Is -4 + (r/(-4))/((-12)/(-25336)) composite?
False
Let c(b) = 40267*b + 469. Is c(6) a prime number?
False
Let g = -2268 - -9985. Is g a composite number?
False
Let f(t) = 14614*t - 8957. Is f(14) prime?
False
Suppose 25*m - 28319 = 192706. Suppose -h + m - 1960 = 0. Is h a composite number?
True
Let h = -2444 + 986. Let t = 4015 + h. Is t a composite number?
False
Let h(x) = -482*x + 6121. Is h(-134) composite?
False
Suppose 3*b + 163 = -4*s + 1371, -s + 5*b = -302. Suppose -s = -2*t + 3*r + r, -2 = 2*r. Is t composite?
False
Let l(z) = 982*z**2 - 294*z - 46. Is l(12) a prime number?
False
Suppose -5*w = 3*u - 23, w - 5*u + 1 = -0*u. Suppose -w*v = -5*p + 25072 - 9301, 3*p - 4*v = 9461. Is p composite?
True
Suppose -903351 - 399759 = -6*m - 2*j, m - 4*j = 217211. Is m a composite number?
True
Let s = -58 + 123. Let v = -68 - s. Let j = 24 - v. Is j a composite number?
False
Let j(b) = 3978*b - 3415. Is j(13) a prime number?
True
Let t = -439 - -463. Let d(l) = l**3 + 29*l**2 - 23*l + 3. Let i(m) = -3*m**3 - 58*m**2 + 46*m - 5. Let c(u) = 5*d(u) + 2*i(u). Is c(t) a composite number?
False
Let d(o) = 1 + 11*o**2 - 13*o**2 + 8*o**2. Let r = 40 + -38. Is d(r) composite?
True
Let n(b) = b**3 - 3*b**2 - 14*b + 20. Let x be n(5). Suppose 0 = v - x*v - 2953. Is v prime?
True
Suppose -23*s - 13231 = -24*s. Is s composite?
True
Suppose 7*g = 1 + 6. Let y be 3 + -2 + (-2 + g)*1. Is (1727 + -6)*((-2)/(-2) + y) a prime number?
True
Let j(z) be the first derivative of 349*z**2/2 + 8*z - 13. Let v(b) = -116*b - 3. Let k(s) = 2*j(s) + 7*v(s). Is k(-6) a composite number?
True
Suppose -3*b + 2*v = -104, 2*v - 32 = 2*b - 3*b. Let c be 8/32 - 99/(-4). Suppose b*m - 14103 = c*m. Is m composite?
False
Let t be 14/((-1)/(861/(-6)) - 0). Suppose -2 - 4 = 3*j, -a - t = -3*j. Let s = 3300 + a. Is s prime?
False
Let j = 110048 + -66207. Is j a composite number?
True
Suppose 27*p - 22*p + 3*i = 32444, -2*p + 3*i = -12986. Is 0/2 + p + (-99)/11 a prime number?
True
Let r(w) be the third derivative of 57*w**5/10 + 5*w**4/24 - 7*w**3/6 - 11*w**2 + w. Is r(2) composite?
True
Let p(y) = 10*y + 81. Let t be p(-6). Suppose -4*f - t = -4*h - 5, 5*f + 8 = h. Is ((-4)/(-8))/f + (-1654)/(-4) prime?
False
Let v be (-3 + 0)/(-3) - 0. Let d be ((-5 + 2)/v)/(24/(-53072)). Suppose d = 7*l - 1703. Is l composite?
True
Let s(f) = -f**2 - 20*f - 6. Let d = -55 - -35. Let b be s(d). Is 1/(8/(-5412))*4/b a prime number?
False
Let q(b) be the third derivative of -221*b**4/8 - 31*b**3/6 + 94*b**2 + 2. Is q(-6) prime?
True
Suppose 5*z - 25 = s, s + 3 = z - 2. Let o = 160 - 154. Suppose o*d - 197 = 2*d - 3*c, -z*d + 2*c = -229. Is d a prime number?
True
Let a = 56 - 52. Suppose a*i + i = 15. Suppose -2*w = -2*q - 3*w + 837, -2*w = i*q - 1255. Is q a composite number?
False
Let n be (8/6)/(-8*5/(-90)). Suppose 0 = 3*r, n*g = 8*g - 3*r - 18965. Is g prime?
True
Let f(n) be the first derivative of 25*n**3/3 + 3*n**2 - 22*n - 111. Is f(-9) prime?
True
Suppose 33*o - 10147439 - 9438954 = -244*o. Is o prime?
True
Suppose 0 = -445*n + 464*n - 4903121. Is n a composite number?
True
Suppose -2*g - 148540 = 5*v, -5*v - 4*g = -5*g + 148525. Suppose -2*u = -4*u - 10. Is (-2)/(u + v/(-5942)) a prime number?
True
Suppose -k + 7 - 2 = 3*i, 4*k + 4*i - 20 = 0. Suppose k*t + 25 = 0, 0 = u + 2*u - 4*t - 38339. Is u composite?
True
Let h(z) = -476*z - 8. Let y be h(-10). Let l = 294 + y. Suppose 11*c - 443 = l. Is c composite?
False
Suppose 0 = 2*z, 8*z - 24*z + 2283 = -o - 14*z. Let d(w) = -831*w - 2. Let h be d(-2). Let c = h - o. Is c prime?
True
Let w be 1/(-5) - 21/(-5). Let i be w + 3*-2 + 18479. Suppose -13*a = -4*a - i. Is a prime?
True
Let v(f) = f**2 - 11*f + 9. Let k(d) = -d**2 - 1. Let q(p) = -k(p) + v(p). Let z(o) = -2.